e value of 2 + (16 - 2) - (-14 - -16) - 0?
14
Calculate (0 - (18 - -1)) + 2965 + -2962.
-16
What is 11 + 7 + (2 - 33) - -17?
4
What is (3 - -5) + -20 + (6 + -7 - 4)?
-17
(5 - -3 - -2) + -19
-9
Calculate -1 + 4 + 0 + 43 + -51.
-5
-254 - -188 - (-33 + -2)
-31
8 + -3 - 0 - -1
6
(-8 + 7 + -4 - 0) + -4
-9
Calculate 20 - 0 - (0 + (22 - 11)).
9
Evaluate (-19 - (-12 + 9)) + 1 - -4.
-11
Evaluate 2 + -11 - -19 - 14.
-4
(15 - 18) + (-3 - (-23 - 0) - 1)
16
Calculate (1 - (31 - 1)) + -321 + 317 - -9.
-24
What is the value of (11 + (3 - 11) - 1) + 10?
12
What is the value of -3 + (14 - -7) + -8 + 0?
10
Evaluate -12 + 23 - (9 + -14).
16
What is 6 - (29 + -26 + 5)?
-2
What is the value of 1 - (15 - (8 + 15))?
9
-10 - (3 + -6 - 0 - -6)
-13
Evaluate 0 + 0 + 0 + 7 + (-31 - -13).
-11
Calculate 29 - (-1 + 18 - -28).
-16
(-2 - 0) + 5 + -17 + (-17 - -21)
-10
-5 + (-2 - (17 + 1 - 8))
-17
What is the value of 0 - (2 + (-2 - 8) - -5)?
3
Evaluate 5 + 1 - 23 - -11.
-6
What is the value of 12 - (27 + 9) - -9?
-15
11 - (-53 + 48 + 6 + 1 + -3)
12
(-9 + 0 + 2 - (-66 + 49)) + 3
13
Calculate 0 + (2 - 0) + (9 + -6 - 0).
5
9 - (14 - 34) - 17
12
Calculate (-3 - 4) + 136 + -148.
-19
2 + -9 + (20 - 10 - 4) + -1
-2
-36 - -42 - 19 - (-2 + -19)
8
What is (-22 - (-16 + -9)) + -24?
-21
Calculate -3 - (87 - 81 - (-2 - (-2 - 5))).
-4
Calculate (-3 - -1) + 9 - (38 + -43).
12
What is the value of -13 - (13 - ((-1 - -5) + 10))?
-12
What is (8 - (-6 - (6 + -11))) + -18?
-9
What is 10 + (-1 - 0) + (-19 + 9 - -7)?
6
Evaluate -2 + (0 - 1) + 261 + -252.
6
What is the value of -9 - (-4 - (21 + -19))?
-3
What is 2 + (5 - (1 + -6))?
12
What is the value of 10 - 8 - 5 - (0 - 11)?
8
Evaluate 1 + 9 - (691 - 655).
-26
Evaluate 16 - (0 - -3 - 0) - (-12 + 17).
8
(-2 - -5) + 4 + -9 - (4 - 5)
-1
What is the value of -33 + 7 + (12 + -15 - 2) + 10?
-21
Evaluate (-1 - 6) + -4 - -7 - (-17 - -9).
4
What is the value of 15 + 24 + -3 + -24?
12
Evaluate (14 - (0 + 27)) + 36 + 0.
23
Calculate 0 - (10 - 0 - (17 + 9 + -21)).
-5
What is the value of -26 + 0 + 154 + -143?
-15
-25 + (-10 - -29) + (-1 - -1)
-6
Calculate -4 + -14 + 9 + 16.
7
What is 0 + -6 - (-8 + (-10 - (-4 - 11)))?
-3
Calculate 6 - ((-16 - -8) + 36 + -3) - -9.
-10
What is the value of (3 - -18 - (15 + 0)) + 13?
19
Calculate 1 + (2 + -15 - -22).
10
What is 3 - 19 - (-6 + -4 + (6 - 0))?
-12
5 + -20 + (-1 - (0 + -1 - 5))
-10
Evaluate -6 - (16 - (-7 + 11)).
-18
Calculate 10 + 7 + -8 + -5.
4
Calculate -20 - -2 - (5 + (9 - 14) + 5).
-23
Calculate 11 + (7 - (8 - 6)) + 5 - 5.
16
Evaluate (7 - (50 + -21) - 9) + (0 - -1).
-30
What is the value of 17 + 30 + -5 + -21?
21
What is (-1 + -2 - -7) + -7?
-3
Calculate -2 - (-1 - 1 - -1) - (2168 + -2157).
-12
Evaluate -28 + 2 - -55 - 32.
-3
What is 11 - (-4 + 22) - 1 - -1?
-7
What is (-23 - 1) + 19 + 13?
8
What is (4 - -2) + (-1 - (6 + -7))?
6
Calculate 10 + -11 + 16 + -17.
-2
Evaluate -17 + 2 - (2 - (13 - 19)).
-23
Calculate 15 - (17 - -11) - -2.
-11
Evaluate -2 - (105 + -102 + 0 + 3) - -6.
-2
-55 + 58 + -27 - -17
-7
What is the value of -1 - (-5 - -9) - -15?
10
Calculate -4 - -4 - -13 - 5 - -4.
12
Evaluate 13 + 5 + -16 - 4 - (8 - 2).
-8
Calculate (6 + -3 - 1) + -1 + -9 + 20.
12
Evaluate 34 - (8 + 19 + -13 + -5).
25
Calculate -8 - 0 - (-36 + 10 - -7).
11
Evaluate 25 + -31 + (-3 - 0) - (-1 - -8).
-16
What is 26 - (27 - 7) - (-9 + -4)?
19
Evaluate -17 - 3 - -28 - 29.
-21
Evaluate (-15 - -13 - -16 - 18) + -4.
-8
What is (-2 - (8 + 0)) + (332 - 313)?
9
Calculate -12 - (-11 + 1) - -12.
10
Calculate (585 - 627) + -1 + 56.
13
Calculate (25 - -18) + -31 - (-1 + 9).
4
Calculate 8 + -7 + -1 + -4 + 4 + 11.
11
Calculate -15 - (5 - (-5 - -19)).
-6
Evaluate -1 + -4 + -3 + (3 - 8).
-13
-1074 + 1083 + (1 - 1) + -10 + 10
9
6 + -10 + 8 + (-2 - -1) - -3
6
-3 + (5 - (13 - (0 - -8)))
-3
What is -7 - (1 - 3) - (-53 + 41)?
7
Evaluate 13 + -1 + 23 + (-47 - -23).
11
What is 29 + (-29 - 35) + 22?
-13
What is 3 + -4 + -5 + 1?
-5
-9 - (-18 - (-15 + 6) - (-27 + 1))
-26
Calculate (18 - (17 - 9)) + -12.
-2
Calculate -6 + -14 + 10 - -32.
22
Calculate 15 + -7 + (-9 - -12).
11
Calculate -10 + (-7 - (-5 - 7)) - (2 + -20).
13
1 + (2 - 10) - -11 - -1
5
Calculate 5 + -3 + 10 - (-1 + 9 + -5).
9
Calculate (-5 - -18) + -35 + 11 + -13.
-24
What is 3 + -7 - -5 - -9 - 4?
6
-13353 - -13370 - (40 - (1 - 1))
-23
What is -1 + -5 + 5 + (-13 - -5 - -16)?
7
What is (15 + 2 - (-20 - -33)) + (-10 - -1)?
-5
What is the value of (-1 + 8 + -9 - 4) + 21?
15
What is (-6 + 13 + 0 - (-3 - -11)) + -29?
-30
Calculate -28 + 1 + 9 - (-1 + 0 + -7).
-10
Evaluate (265 - 211) + -2 + -26.
26
Evaluate (2 + -1 - 12) + (-694 - -740).
35
(-2 - -3) + 8 + 1 - (5 - -4)
1
2 + (5 - 4) + -2
1
Calculate (16 + 3 - -10) + -9 + -9.
11
Evaluate -19 + 4 + -3 + 1 - (-30 - -27).
-14
What is (0 - -1) + (-71 - -73) + 10?
13
Calculate (-1 - (1 + -1 - 3) - 2) + 1.
1
Evaluate 0 + -8 + (-5 - -6 - 6).
-13
Calculate 41 + (10 - 18) - 64.
-31
What is -20 - (6 + -7 - (2 - 2))?
-19
What is the value of 8 - (27 - (-8 - -21))?
-6
What is the value of -6 + 6 - -15 - (-4 + 2 + -3)?
20
What is 2 + -5 - (-3 + (-3 - -6) + -6)?
3
Evaluate 4 + (-1 - -2) + (6 - 7) + -6.
-2
What is (-42 - -1) + (46 - (29 + 3))?
-27
What is the value of (-113 - -149) + -13 + 3?
26
What is the value of -5 - (-3 + (-9 + 33 - 4))?
-22
What is (1 - (11 + -19)) + (0 - -6 - 4)?
11
What is the value of -1 + 9 + 9 - (-1 + -1)?
19
-7 - (93 + -81 - (39 + 0))
20
Calculate (-6 - 0) + (5 - 0 - (-11 + -5)).
15
7 + -6 + (0 - -3) + 2
6
Evaluate 0 + 14 + 1 - (2 + 5 + -1).
9
(1 - (-27 + 8)) + -21
-1
What is the value of 25 - (-1 - (-12 + 7) - (18 - 13))?
26
What is the value of 184 - 202 - (-14 + 1)?
-5
What is the value of 6 - (-7 + (21 - -3)) - (1 - 39)?
27
Calculate 5 + -4 + -2 + 0 - 4 - -1.
-4
6 + 26 + -17 - 28
-13
What is the value of (-1 - 0) + 11 + (-10 - (-9 + 6))?
3
14 - (37 + -22) - -10
9
Evaluate (21 - 2) + 4 + 1 + -6 + 2.
20
What is -66 - (-50 + (16 - -5))?
-37
Evaluate -4 + 6 - (3 + (0 - 7) + 10).
-4
Calculate -4 + 5 + (-3 - (-10 - -5)).
3
(2 - 4) + -31 + (-67 - -55 - -15)
-30
19 + 8 + -9 + (2 - (-11 - -12))
19
-4 + (-56 - -62) + -3 + 1 + 25
25
3 + -6 + (3 - 7) - -3
-4
What is the value of 12 - (-24 + 13 + -11)?
34
18 + 13 + -11 + -5
15
Calculate 27 + -14 + 2 + -3.
12
10 + -18 - (1 - 13 - -11)
-7
What is -11 - (-4 + 2) - (24 - 35 - 24)?
26
What is -1197 - -1197 - (1 - 20)?
19
21 + (18 + -20 - -16) + 6
41
-1 + -4 + 10 + -3 + -13 + -1
-12
What is -12 + 2 + (-236 - -216 - (-10 - 1))?
-19
Evaluate -28 + 26 - (-6 + 3 - (4 - -4)).
9
Calculate 34 + -46 - (11 - 33).
10
What is -5 + -3 + (0 - (-3 - (-3 - -4)))?
-4
Evaluate -1 + -26 + 16 + 4.
-7
(-3 - -3 - 2) + 11 - -13
22
What is the value of 20 - (-23 + 37 - 4)?
10
Calculate 15 - (6 - -17) - 4 - (-6 - 1).
-5
What is -3 - (-46 - 6 - -12) - 6?
31
What is (-2 - 12) + (77 - 53)?
10
What is (-34 - (9 + -3 + -19)) + -2 + 12?
-11
What is (5 - -1) + (200 - 217)?
-11
What is 16 - (-2 + 2) - (-21 - -31)?
6
What is the value of -23 + -4 + -1 + 18?
-10
What is the value of -9 - ((-2 - (-2 + -1)) + (0 - 0))?
-10
-11 - (8 + (-8 - 20))
9
Calculate -26 + (-1 - (3 - -5) - -22 - 6).
-19
What is the value of -7 - (37 - 34) - 24?
-34
What is the value of 5 + (26 - (-1 + (4 - -2)))?
26
Calculate (-10 - -5) + (0 - -3 - 1) + -6.
-9
What is the value of 6 + (-11 - 0) + 59 + -69?
-15
Calculate (-3 - -13) + (-7 - 5) + 8.
6
What is -9 + 0 + 9 + (2 - 15)?
-13
What is (-28 + 16 - -20) + -5 + 0?
3
-30 - (0 - 21) - (5 + 0)
-14
What is 8 + (-5 - (-19 + (-2 - -4)))?
20
What is the value of (5 - (3 + 3 + -6)) + -2 + 0?
3
Evaluate 24 + -14 + -20 + -8.
-18
Calculate (-1 - 12) + (0 - -2) + (-9 - -9).
-11
What is the value of (-43 - -48) + (3 - 9)?
-1
What is the value of 10 + 13 + (5 - -9 - 24)?
13
Calculate 8 + -10 + -1 + 12 + 5.
14
What is the value of (114 - 124) + -3 + (1 - -15)?
3
What is 29 + 53 + -71 - (-1 - -16)?
-4
Evaluate 8 - -5 - (0 + 4 + -12).
21
What is -12 + -22 + (-9 - -55)?
12
Evaluate (23 + -14 - 51) + (10 - (1 - -1)).
-34
-14 - (-6 - -21 - 11)
-18
What is the value of -7 + 9 + -6 + 1 + -3 - -3?
-3
Evaluate (0 - (-2 + 0)) + -18 + 4.
-12
Calculate (7 - 5) + -19 + (17 - 3).
-3
What is the value of -91 - -82 - (-5 + (0 - (-5 - 13)))?
-22
Calculate -21 + (-38 - -38) - -22.
1
Evaluate (-4 - (-3 - (-3 - -3))) + (-6 - 0).
-7
Calcu